{"id":71204,"date":"2026-05-04T15:23:10","date_gmt":"2026-05-04T14:23:10","guid":{"rendered":"https:\/\/www.scope25.com\/?page_id=71204"},"modified":"2026-05-04T15:23:10","modified_gmt":"2026-05-04T14:23:10","slug":"jake-jsou-bezne-vedlejsi-ucinky-pripravku-ventolin-generic","status":"publish","type":"page","link":"http:\/\/www.scope25.com\/?page_id=71204","title":{"rendered":"Jak\u00e9 jsou b\u011b\u017en\u00e9 vedlej\u0161\u00ed \u00fa\u010dinky p\u0159\u00edpravku Ventolin Generic?"},"content":{"rendered":"<h1>Ventolin Generic FAQ: 10 nej\u010dast\u011bj\u0161\u00edch odpov\u011bd\u00ed<\/h1>\n<p>Tento \u010dl\u00e1nek se zab\u00fdv\u00e1 nej\u010dast\u011bj\u0161\u00edmi dotazy ohledn\u011b Ventolin Generic, zkoum\u00e1 jeho \u00fa\u010dinnost, pou\u017eit\u00ed, vedlej\u0161\u00ed \u00fa\u010dinky a vhodnost pro r\u016fzn\u00e9 u\u017eivatele.<\/p>\n<h2>Co je Ventolin Generic a jak funguje?<\/h2>\n<p>Ventolin Generic je l\u00e9k pou\u017e\u00edvan\u00fd p\u0159edev\u0161\u00edm k \u00falev\u011b od bronchospasmu u stav\u016f, jako je astma a chronick\u00e1 obstruk\u010dn\u00ed plicn\u00ed nemoc (CHOPN). Pat\u0159\u00ed do t\u0159\u00eddy l\u00e9k\u016f zn\u00e1m\u00fdch jako bronchodilat\u00e1tory, konkr\u00e9tn\u011b beta-2 agonist\u00e9, kter\u00e9 p\u016fsob\u00ed tak, \u017ee uvol\u0148uj\u00ed svaly v d\u00fdchac\u00edch cest\u00e1ch a zvy\u0161uj\u00ed pr\u016ftok vzduchu do plic. Tato akce poskytuje rychlou \u00falevu od p\u0159\u00edznak\u016f, jako je s\u00edp\u00e1n\u00ed, ka\u0161el a du\u0161nost.<\/p>\n<p>Aktivn\u00ed slo\u017ekou p\u0159\u00edpravku Ventolin Generic je obvykle salbutamol (ve Spojen\u00fdch st\u00e1tech zn\u00e1m\u00fd jako albuterol), kter\u00fd byl po desetilet\u00ed rozs\u00e1hle studov\u00e1n a pou\u017e\u00edv\u00e1n v p\u00e9\u010di o d\u00fdchac\u00ed cesty. Generick\u00e1 verze funguje stejn\u00fdm zp\u016fsobem jako zna\u010dkov\u00fd Ventolin a nab\u00edz\u00ed cenov\u011b v\u00fdhodnou alternativu pro pacienty vy\u017eaduj\u00edc\u00ed pravidelnou inhala\u010dn\u00ed terapii. Zac\u00edlen\u00edm na beta-2 adrenergn\u00ed receptory v plic\u00edch salbutamol \u00fa\u010dinn\u011b sni\u017euje odpor d\u00fdchac\u00edch cest a usnad\u0148uje d\u00fdch\u00e1n\u00ed.<\/p>\n<h2>Je Ventolin Generic stejn\u011b \u00fa\u010dinn\u00fd jako zna\u010dkov\u00e1 verze?<\/h2>\n<p>Ventolin Generic je pova\u017eov\u00e1n za stejn\u011b \u00fa\u010dinn\u00fd jako zna\u010dkov\u00e1 verze za p\u0159edpokladu, \u017ee obsahuje stejnou \u00fa\u010dinnou l\u00e1tku, salbutamol, ve stejn\u00e9 l\u00e9kov\u00e9 form\u011b a s\u00edle. Generika vy\u017eaduj\u00ed regula\u010dn\u00ed agentury, jako je FDA ve Spojen\u00fdch st\u00e1tech a MHRA ve Spojen\u00e9m kr\u00e1lovstv\u00ed, aby prok\u00e1zaly bioekvivalenci se sv\u00fdmi zna\u010dkov\u00fdmi prot\u011bj\u0161ky, co\u017e znamen\u00e1, \u017ee mus\u00ed poskytovat stejn\u00e9 terapeutick\u00e9 v\u00fdhody v p\u0159ijateln\u00e9m rozsahu variability.<\/p>\n<p>Zat\u00edmco n\u011bkte\u0159\u00ed pacienti mohou vn\u00edmat rozd\u00edl v \u00fa\u010dinnosti kv\u016fli rozd\u00edl\u016fm v pou\u017eit\u00e9m inhal\u00e1toru nebo pomocn\u00fdch l\u00e1tk\u00e1ch, studie obecn\u011b neukazuj\u00ed \u017e\u00e1dn\u00fd v\u00fdznamn\u00fd rozd\u00edl v klinick\u00fdch v\u00fdsledc\u00edch mezi generick\u00fdmi a zna\u010dkov\u00fdmi verzemi. Pacient\u016fm se doporu\u010duje, aby se poradili se sv\u00fdm poskytovatelem zdravotn\u00ed p\u00e9\u010de, pokud maj\u00ed obavy z p\u0159echodu ze zna\u010dkov\u00e9ho l\u00e9ku na generick\u00fd l\u00e9k.<\/p>\n<h2>Jak\u00e9 jsou b\u011b\u017en\u00e9 vedlej\u0161\u00ed \u00fa\u010dinky p\u0159\u00edpravku Ventolin Generic?<\/h2>\n<p>Jako ka\u017ed\u00fd l\u00e9k m\u016f\u017ee m\u00edt i Ventolin Generic ne\u017e\u00e1douc\u00ed \u00fa\u010dinky, kter\u00e9 se ale nemus\u00ed vyskytnout u ka\u017ed\u00e9ho. Mezi nej\u010dast\u011bj\u0161\u00ed ne\u017e\u00e1douc\u00ed \u00fa\u010dinky pat\u0159\u00ed t\u0159es (t\u0159es), bolest hlavy, zrychlen\u00fd srde\u010dn\u00ed tep (tachykardie) a nervozita. Ty jsou obvykle m\u00edrn\u00e9 a maj\u00ed tendenci se sni\u017eovat, jak se t\u011blo p\u0159izp\u016fsobuje medikaci.<\/p>\n<p>V n\u011bkter\u00fdch p\u0159\u00edpadech mohou pacienti po inhalaci poci\u0165ovat svalov\u00e9 k\u0159e\u010de, sucho v \u00fastech nebo podr\u00e1\u017ed\u011bn\u00ed krku a \u00fast. Z\u00e1va\u017en\u011bj\u0161\u00ed ne\u017e\u00e1douc\u00ed \u00fa\u010dinky jsou vz\u00e1cn\u00e9, ale mohou zahrnovat alergick\u00e9 reakce, jako je vyr\u00e1\u017eka, sv\u011bd\u011bn\u00ed nebo pot\u00ed\u017ee s d\u00fdch\u00e1n\u00edm. Pokud se objev\u00ed n\u011bjak\u00e9 z\u00e1va\u017en\u00e9 p\u0159\u00edznaky, je \u017eivotn\u011b d\u016fle\u017eit\u00e9 okam\u017eit\u011b vyhledat l\u00e9ka\u0159skou pomoc.<\/p>\n<h2>Jak by m\u011bl b\u00fdt Ventolin Generic pou\u017e\u00edv\u00e1n pro dosa\u017een\u00ed nejlep\u0161\u00edch v\u00fdsledk\u016f?<\/h2>\n<p>Pro dosa\u017een\u00ed optim\u00e1ln\u00edch v\u00fdsledk\u016f by m\u011bl b\u00fdt <a href=\"https:\/\/domaci-lekarna.com\/genericky-ventolin-naklady-online-bez-predpisu\">Generick\u00fd Ventolin 4mg Online<\/a> Ventolin Generic pou\u017e\u00edv\u00e1n podle pokyn\u016f l\u00e9ka\u0159e. Obvykle se pod\u00e1v\u00e1 pomoc\u00ed inhal\u00e1toru, p\u0159i\u010dem\u017e pacienti jsou instruov\u00e1ni, aby si podle pot\u0159eby vzali jeden nebo dva vdechy pro zm\u00edrn\u011bn\u00ed p\u0159\u00edznak\u016f. Je nezbytn\u00e9 dodr\u017eovat p\u0159edepsan\u00e9 d\u00e1vkov\u00e1n\u00ed a nep\u0159ekra\u010dovat doporu\u010den\u00e9 mno\u017estv\u00ed, proto\u017ee nadm\u011brn\u00e9 u\u017e\u00edv\u00e1n\u00ed m\u016f\u017ee v\u00e9st ke zv\u00fd\u0161en\u00fdm vedlej\u0161\u00edm \u00fa\u010dink\u016fm nebo sn\u00ed\u017een\u00ed \u00fa\u010dinnosti.<\/p>\n<p>Pacienti by se m\u011bli ujistit, \u017ee jsou obezn\u00e1meni se spr\u00e1vnou technikou inhal\u00e1toru, kter\u00e1 zahrnuje zat\u0159esen\u00ed inhal\u00e1torem, \u00fapln\u00e9 vydechnut\u00ed a n\u00e1sledn\u00e9 hlubok\u00e9 nadechnut\u00ed p\u0159i sou\u010dasn\u00e9m tlaku na inhal\u00e1tor, aby se uvolnil l\u00e9k. Zadr\u017een\u00ed dechu na n\u011bkolik sekund po inhalaci m\u016f\u017ee zv\u00fd\u0161it absorpci v plic\u00edch. Pro zachov\u00e1n\u00ed \u00fa\u010dinnosti se doporu\u010duje tak\u00e9 pravideln\u00e9 \u010di\u0161t\u011bn\u00ed inhal\u00e1toru.<\/p>\n<h2>Existuj\u00ed n\u011bjak\u00e1 opat\u0159en\u00ed, kter\u00e1 je t\u0159eba p\u0159ijmout p\u0159i pou\u017e\u00edv\u00e1n\u00ed Ventolin Generic??<\/h2>\n<p>P\u0159ed pou\u017eit\u00edm p\u0159\u00edpravku Ventolin Generic by pacienti m\u011bli se sv\u00fdm poskytovatelem zdravotn\u00ed p\u00e9\u010de probrat svou kompletn\u00ed anamn\u00e9zu, zejm\u00e9na pokud maj\u00ed ji\u017e existuj\u00edc\u00ed onemocn\u011bn\u00ed, jako je srde\u010dn\u00ed onemocn\u011bn\u00ed, vysok\u00fd krevn\u00ed tlak nebo cukrovka. Tyto stavy mohou b\u00fdt potenci\u00e1ln\u011b exacerbov\u00e1ny beta-agonisty.<\/p>\n<p>Pacienti by tak\u00e9 m\u011bli informovat sv\u00e9ho l\u00e9ka\u0159e o v\u0161ech l\u00e9c\u00edch, kter\u00e9 v sou\u010dasn\u00e9 dob\u011b u\u017e\u00edvaj\u00ed, proto\u017ee Ventolin Generic m\u016f\u017ee interagovat s jin\u00fdmi l\u00e9ky, v\u010detn\u011b beta-blok\u00e1tor\u016f a n\u011bkter\u00fdch antidepresiv. Je d\u016fle\u017eit\u00e9 vyhnout se sou\u010dasn\u00e9mu u\u017e\u00edv\u00e1n\u00ed jin\u00fdch inhala\u010dn\u00edch l\u00e9k\u016f, pokud to nedoporu\u010d\u00ed zdravotnick\u00fd pracovn\u00edk.<\/p>\n<h2>Mohou Ventolin Generic pou\u017e\u00edvat d\u011bti a star\u0161\u00ed osoby?<\/h2>\n<p>Ventolin Generic se b\u011b\u017en\u011b p\u0159edepisuje d\u011btem a je pova\u017eov\u00e1n za bezpe\u010dn\u00fd pro pou\u017eit\u00ed p\u0159i l\u00e9\u010db\u011b astmatu u d\u011bt\u00ed. D\u00e1vkov\u00e1n\u00ed a pod\u00e1v\u00e1n\u00ed by v\u0161ak m\u011bl pe\u010dliv\u011b stanovit poskytovatel zdravotn\u00ed p\u00e9\u010de s p\u0159ihl\u00e9dnut\u00edm k v\u011bku a hmotnosti d\u00edt\u011bte. Rodi\u010de a pe\u010dovatel\u00e9 by m\u011bli na d\u011bti b\u011bhem pou\u017e\u00edv\u00e1n\u00ed inhal\u00e1toru dohl\u00ed\u017eet, aby zajistili spr\u00e1vnou techniku.<\/p>\n<p>U star\u0161\u00edch pacient\u016f lze Ventolin Generic pou\u017e\u00edvat s opatrnost\u00ed. Je t\u0159eba vz\u00edt v \u00favahu faktory souvisej\u00edc\u00ed s v\u011bkem, jako je zv\u00fd\u0161en\u00e1 citlivost na l\u00e9ky a potenci\u00e1ln\u00ed srde\u010dn\u00ed onemocn\u011bn\u00ed. Pro zaji\u0161t\u011bn\u00ed bezpe\u010dnosti a \u00fa\u010dinnosti se doporu\u010duje pravideln\u00e9 sledov\u00e1n\u00ed poskytovatelem zdravotn\u00ed p\u00e9\u010de.<\/p>\n<h2>Jak se m\u00e1 Ventolin Generic uchov\u00e1vat?<\/h2>\n<p>Spr\u00e1vn\u00e9 skladov\u00e1n\u00ed Ventolin Generic je z\u00e1sadn\u00ed pro udr\u017een\u00ed jeho \u00fa\u010dinnosti. Inhal\u00e1tory by m\u011bly b\u00fdt uchov\u00e1v\u00e1ny p\u0159i pokojov\u00e9 teplot\u011b, mimo p\u0159\u00edm\u00e9 slune\u010dn\u00ed sv\u011btlo a vlhkost a nem\u011bly by b\u00fdt vystaveny extr\u00e9mn\u00edm teplot\u00e1m. Je d\u016fle\u017eit\u00e9 uchov\u00e1vat inhal\u00e1tor s nasazen\u00fdm uz\u00e1v\u011brem, aby se zabr\u00e1nilo kontaminaci a byla zachov\u00e1na hygiena.<\/p>\n<p>Pacienti by m\u011bli pravideln\u011b kontrolovat datum expirace a zajistit, aby se inhal\u00e1tor nepou\u017e\u00edval po tomto okam\u017eiku. Nav\u00edc sledov\u00e1n\u00ed po\u010dtu pou\u017eit\u00fdch d\u00e1vek m\u016f\u017ee pomoci zabr\u00e1nit neo\u010dek\u00e1van\u00e9mu vy\u010derp\u00e1n\u00ed a zajistit, \u017ee l\u00e9k bude v\u017edy k dispozici, kdy\u017e je pot\u0159eba.<\/p>\n<h2>Co m\u00e1m d\u011blat, kdy\u017e vynech\u00e1m d\u00e1vku Ventolin Generic?<\/h2>\n<p>Pokud vynech\u00e1te d\u00e1vku p\u0159\u00edpravku Ventolin Generic, je t\u0159eba ji u\u017e\u00edt, jakmile si pacient vzpomene, pokud ji\u017e nen\u00ed t\u00e9m\u011b\u0159 \u010das na dal\u0161\u00ed d\u00e1vku. V takov\u00fdch p\u0159\u00edpadech je t\u0159eba vynechanou d\u00e1vku vynechat a obnovit pravideln\u00e9 d\u00e1vkov\u00e1n\u00ed. Zdvojn\u00e1soben\u00ed d\u00e1vek k nahrazen\u00ed vynechan\u00e9 d\u00e1vky se nedoporu\u010duje, proto\u017ee m\u016f\u017ee zv\u00fd\u0161it riziko ne\u017e\u00e1douc\u00edch \u00fa\u010dink\u016f.<\/p>\n<p>U pacient\u016f, kte\u0159\u00ed pravideln\u011b u\u017e\u00edvaj\u00ed Ventolin Generic, m\u016f\u017ee zaveden\u00ed rutiny nebo nastaven\u00ed p\u0159ipomenut\u00ed pomoci sn\u00ed\u017eit pravd\u011bpodobnost vynech\u00e1n\u00ed d\u00e1vek. D\u016fsledn\u00e9 u\u017e\u00edv\u00e1n\u00ed podle p\u0159edpisu je kl\u00ed\u010dem k \u00fa\u010dinn\u00e9mu zvl\u00e1dnut\u00ed p\u0159\u00edznak\u016f.<\/p>\n<h2>Je bezpe\u010dn\u00e9 pou\u017e\u00edvat Ventolin Generic b\u011bhem t\u011bhotenstv\u00ed nebo kojen\u00ed?<\/h2>\n<p>Bezpe\u010dnost Ventolin Generic b\u011bhem t\u011bhotenstv\u00ed a kojen\u00ed je spole\u010dn\u00fdm probl\u00e9mem. Zat\u00edmco v\u00fdzkumy ukazuj\u00ed, \u017ee salbutamol je obecn\u011b bezpe\u010dn\u00fd, m\u011bl by b\u00fdt b\u011bhem t\u011bhotenstv\u00ed pou\u017e\u00edv\u00e1n pouze v p\u0159\u00edpad\u011b, \u017ee potenci\u00e1ln\u00ed p\u0159\u00ednosy p\u0159eva\u017euj\u00ed nad riziky. T\u011bhotn\u00e9 \u017eeny by se m\u011bly poradit se sv\u00fdm poskytovatelem zdravotn\u00ed p\u00e9\u010de a prodiskutovat nutnost a bezpe\u010dnost pokra\u010dov\u00e1n\u00ed Ventolin Generic.<\/p>\n<p>Pokud jde o kojen\u00ed, salbutamol je pova\u017eov\u00e1n za kompatibiln\u00ed, proto\u017ee do mate\u0159sk\u00e9ho ml\u00e9ka pravd\u011bpodobn\u011b p\u0159ech\u00e1z\u00ed pouze mal\u00e1 mno\u017estv\u00ed. Je v\u0161ak vhodn\u00e9, aby se koj\u00edc\u00ed matky poradily se sv\u00fdm l\u00e9ka\u0159em, aby byla zaji\u0161t\u011bna bezpe\u010dnost matky i d\u00edt\u011bte.<\/p>\n<h2>Kde lze Ventolin Generic zakoupit?<\/h2>\n<p>Ventolin Generic je k dispozici ve v\u011bt\u0161in\u011b l\u00e9k\u00e1ren, v obchodech i online, a obvykle vy\u017eaduje l\u00e9ka\u0159sk\u00fd p\u0159edpis od poskytovatele zdravotn\u00ed p\u00e9\u010de. Po\u017eadavky na p\u0159edpis se mohou li\u0161it v z\u00e1vislosti na p\u0159edpisech zem\u011b, tak\u017ee pacienti by se m\u011bli ujistit, \u017ee maj\u00ed pot\u0159ebnou dokumentaci, ne\u017e se pokus\u00ed l\u00e9k zakoupit.<\/p>\n<p>P\u0159i n\u00e1kupu online je kl\u00ed\u010dov\u00e9 pou\u017e\u00edvat renomovanou l\u00e9k\u00e1rnu, abyste se vyhnuli pad\u011blk\u016fm. Pacienti by si m\u011bli vyhledat internetov\u00e9 l\u00e9k\u00e1rny, kter\u00e9 jsou ov\u011b\u0159eny nebo akreditov\u00e1ny p\u0159\u00edslu\u0161n\u00fdmi farmaceutick\u00fdmi radami, aby byla zaji\u0161t\u011bna pravost a bezpe\u010dnost l\u00e9ku.<\/p>\n<h2>Jak pozn\u00e1m, zda je Ventolin Generic vhodn\u00fd pro m\u016fj stav?<\/h2>\n<p>Ur\u010den\u00ed vhodnosti p\u0159\u00edpravku Ventolin Generic pro konkr\u00e9tn\u00ed stav by m\u011blo zahrnovat d\u016fkladn\u00e9 posouzen\u00ed poskytovatelem zdravotn\u00ed p\u00e9\u010de. P\u0159ed p\u0159edeps\u00e1n\u00edm Ventolin Generic zv\u00e1\u017e\u00ed povahu a z\u00e1va\u017enost respira\u010dn\u00edho stavu, anamn\u00e9zu a jak\u00e9koli jin\u00e9 l\u00e9ky, kter\u00e9 se u\u017e\u00edvaj\u00ed.<\/p>\n<p>Pacienti by m\u011bli otev\u0159en\u011b komunikovat se sv\u00fdm poskytovatelem zdravotn\u00ed p\u00e9\u010de o sv\u00fdch p\u0159\u00edznac\u00edch a c\u00edlech l\u00e9\u010dby. Pokud je Ventolin Generic p\u0159edeps\u00e1n, je d\u016fle\u017eit\u00e9 dodr\u017eovat l\u00e9\u010debn\u00fd pl\u00e1n a chodit na pravideln\u00e9 kontroly, abyste mohli sledovat jeho \u00fa\u010dinnost a prov\u00e1d\u011bt nezbytn\u00e9 \u00fapravy.<\/p>\n","protected":false},"excerpt":{"rendered":"<p>Ventolin Generic FAQ: 10 nej\u010dast\u011bj\u0161\u00edch odpov\u011bd\u00ed Tento \u010dl\u00e1nek se zab\u00fdv\u00e1 nej\u010dast\u011bj\u0161\u00edmi dotazy ohledn\u011b Ventolin Generic, zkoum\u00e1 jeho \u00fa\u010dinnost, pou\u017eit\u00ed, vedlej\u0161\u00ed \u00fa\u010dinky a vhodnost pro r\u016fzn\u00e9 u\u017eivatele. Co je Ventolin Generic a jak funguje? Ventolin Generic je l\u00e9k pou\u017e\u00edvan\u00fd p\u0159edev\u0161\u00edm k \u00falev\u011b od bronchospasmu u stav\u016f, jako je astma a chronick\u00e1 obstruk\u010dn\u00ed plicn\u00ed nemoc (CHOPN). Pat\u0159\u00ed [&hellip;]<\/p>\n","protected":false},"author":1,"featured_media":0,"parent":0,"menu_order":0,"comment_status":"closed","ping_status":"closed","template":"","meta":[],"_links":{"self":[{"href":"http:\/\/www.scope25.com\/index.php?rest_route=\/wp\/v2\/pages\/71204"}],"collection":[{"href":"http:\/\/www.scope25.com\/index.php?rest_route=\/wp\/v2\/pages"}],"about":[{"href":"http:\/\/www.scope25.com\/index.php?rest_route=\/wp\/v2\/types\/page"}],"author":[{"embeddable":true,"href":"http:\/\/www.scope25.com\/index.php?rest_route=\/wp\/v2\/users\/1"}],"replies":[{"embeddable":true,"href":"http:\/\/www.scope25.com\/index.php?rest_route=%2Fwp%2Fv2%2Fcomments&post=71204"}],"version-history":[{"count":1,"href":"http:\/\/www.scope25.com\/index.php?rest_route=\/wp\/v2\/pages\/71204\/revisions"}],"predecessor-version":[{"id":71206,"href":"http:\/\/www.scope25.com\/index.php?rest_route=\/wp\/v2\/pages\/71204\/revisions\/71206"}],"wp:attachment":[{"href":"http:\/\/www.scope25.com\/index.php?rest_route=%2Fwp%2Fv2%2Fmedia&parent=71204"}],"curies":[{"name":"wp","href":"https:\/\/api.w.org\/{rel}","templated":true}]}}