{"id":71170,"date":"2026-05-04T14:33:29","date_gmt":"2026-05-04T13:33:29","guid":{"rendered":"https:\/\/www.scope25.com\/?page_id=71170"},"modified":"2026-05-04T14:33:29","modified_gmt":"2026-05-04T13:33:29","slug":"jak-jidla-ovlivnuji-efektivitu-cenforce","status":"publish","type":"page","link":"http:\/\/www.scope25.com\/?page_id=71170","title":{"rendered":"Jak j\u00eddla ovliv\u0148uj\u00ed efektivitu Cenforce"},"content":{"rendered":"<h1>Pl\u00e1nov\u00e1n\u00ed v\u00edkendu s Cenforce: na\u010dasov\u00e1n\u00ed, j\u00eddlo a alkohol<\/h1>\n<p>Proch\u00e1zen\u00ed slo\u017eitost\u00ed efektivn\u00edho pou\u017e\u00edv\u00e1n\u00ed Cenforce p\u0159es v\u00edkend vy\u017eaduje pochopen\u00ed jeho na\u010dasov\u00e1n\u00ed, dietn\u00edch \u00favah a interakc\u00ed s alkoholem.<\/p>\n<h2>Pochopen\u00ed Cenforce a jeho pou\u017eit\u00ed<\/h2>\n<p>Cenforce je l\u00e9k prim\u00e1rn\u011b pou\u017e\u00edvan\u00fd k l\u00e9\u010db\u011b erektiln\u00ed dysfunkce (ED) u mu\u017e\u016f. Obsahuje sildenafil citr\u00e1t, kter\u00fd je tak\u00e9 \u00fa\u010dinnou l\u00e1tkou Viagry. L\u00e9k funguje tak, \u017ee zvy\u0161uje pr\u016ftok krve do penisu a pom\u00e1h\u00e1 dos\u00e1hnout a udr\u017eet erekci p\u0159i sexu\u00e1ln\u00ed stimulaci. Cenforce je k dispozici v r\u016fzn\u00fdch d\u00e1vk\u00e1ch, co\u017e umo\u017e\u0148uje jednotlivc\u016fm vybrat si mno\u017estv\u00ed, kter\u00e9 nejl\u00e9pe vyhovuje jejich pot\u0159eb\u00e1m pod l\u00e9ka\u0159sk\u00fdm dohledem.<\/p>\n<p>Krom\u011b prim\u00e1rn\u00edho pou\u017eit\u00ed nach\u00e1z\u00ed Cenforce tak\u00e9 uplatn\u011bn\u00ed p\u0159i l\u00e9\u010db\u011b plicn\u00ed arteri\u00e1ln\u00ed hypertenze (PAH), stavu, kter\u00fd postihuje pl\u00edce a srdce. Roz\u0161i\u0159ov\u00e1n\u00edm krevn\u00edch c\u00e9v pom\u00e1h\u00e1 sni\u017eovat z\u00e1t\u011b\u017e srdce a zlep\u0161uje fyzickou kapacitu u pacient\u016f s PAH. P\u0159ed pou\u017eit\u00edm p\u0159\u00edpravku Cenforce pro jak\u00fdkoli stav je v\u0161ak z\u00e1sadn\u00ed konzultovat zdravotnick\u00fd pracovn\u00edk, proto\u017ee nevhodn\u00e9 pou\u017eit\u00ed m\u016f\u017ee v\u00e9st k ne\u017e\u00e1douc\u00edm \u00fa\u010dink\u016fm.<\/p>\n<h2>Nejlep\u0161\u00ed \u010das vyu\u017e\u00edt Cenforce pro optim\u00e1ln\u00ed v\u00fdsledky<\/h2>\n<p>Na\u010dasov\u00e1n\u00ed hraje z\u00e1sadn\u00ed roli v \u00fa\u010dinnosti Cenforce. Pro optim\u00e1ln\u00ed v\u00fdsledky se doporu\u010duje u\u017e\u00edt l\u00e9ky p\u0159ibli\u017en\u011b 30 a\u017e 60 minut p\u0159ed zah\u00e1jen\u00edm sexu\u00e1ln\u00ed aktivity. Toto na\u010dasov\u00e1n\u00ed umo\u017e\u0148uje vst\u0159eb\u00e1n\u00ed l\u00e9ku a dosa\u017een\u00ed dostate\u010dn\u00e9 hladiny v krevn\u00edm \u0159e\u010di\u0161ti pro usnadn\u011bn\u00ed erekce.<\/p>\n<p>\u00da\u010dinky Cenforce mohou trvat a\u017e \u010dty\u0159i hodiny, co\u017e poskytuje velkorys\u00e9 okno p\u0159\u00edle\u017eitost\u00ed. Je v\u0161ak nezbytn\u00e9 poznamenat, \u017ee Cenforce nezp\u016fsobuje erekci bez sexu\u00e1ln\u00edho vzru\u0161en\u00ed. Proto na\u010dasov\u00e1n\u00ed d\u00e1vky ve spojen\u00ed s va\u0161imi pl\u00e1ny m\u016f\u017ee zajistit hlad\u0161\u00ed z\u00e1\u017eitek.<\/p>\n<h2>Jak j\u00eddla ovliv\u0148uj\u00ed efektivitu Cenforce<\/h2>\n<p>J\u00eddla mohou ovlivnit, jak rychle bude Cenforce p\u016fsobit. T\u011b\u017ek\u00e9 nebo tu\u010dn\u00e9 j\u00eddlo m\u016f\u017ee zpomalit vst\u0159eb\u00e1v\u00e1n\u00ed l\u00e9ku, potenci\u00e1ln\u011b sn\u00ed\u017eit jeho \u00fa\u010dinnost nebo prodlou\u017eit dobu pot\u0159ebnou k \u00fa\u010dinku. Je to proto, \u017ee vysok\u00fd obsah tuku zpomaluje tr\u00e1vic\u00ed proces, co\u017e ovliv\u0148uje, jak brzy l\u00e9k dos\u00e1hne maxim\u00e1ln\u00ed hladiny ve va\u0161em krevn\u00edm \u0159e\u010di\u0161ti.<\/p>\n<p>Abyste se vyhnuli takov\u00fdm prodlev\u00e1m, zva\u017ete u\u017e\u00edv\u00e1n\u00ed p\u0159\u00edpravku Cenforce nala\u010dno nebo po lehk\u00e9m j\u00eddle. Tato praxe m\u016f\u017ee pomoci zajistit, \u017ee l\u00e9k bude fungovat tak, jak m\u00e1, a poskytne po\u017eadovan\u00e9 \u00fa\u010dinky bez zbyte\u010dn\u00e9ho \u010dek\u00e1n\u00ed.<\/p>\n<h2>Ide\u00e1ln\u00ed j\u00eddla k j\u00eddlu s Cenforce<\/h2>\n<p>Chcete-li zv\u00fd\u0161it \u00fa\u010dinnost Cenforce, zva\u017ete j\u00eddla, kter\u00e1 maj\u00ed n\u00edzk\u00fd obsah tuku a jsou bohat\u00e1 na z\u00e1kladn\u00ed \u017eiviny. Potraviny jako grilovan\u00e9 ku\u0159e, ryby a zelenina jsou vynikaj\u00edc\u00ed volbou. Tyto mo\u017enosti poskytuj\u00ed pot\u0159ebnou v\u00fd\u017eivu, ani\u017e by byla ohro\u017eena rychlost absorpce l\u00e9ku.<\/p>\n<p>Prosp\u011b\u0161n\u00e9 m\u016f\u017ee b\u00fdt tak\u00e9 za\u010dlen\u011bn\u00ed ovoce, jako jsou bobule a jablka. Tyto potraviny maj\u00ed nejen n\u00edzk\u00fd obsah tuku, ale jsou tak\u00e9 bohat\u00e9 na antioxidanty, kter\u00e9 podporuj\u00ed celkov\u00e9 zdrav\u00ed a mohou dopl\u0148ovat \u00fa\u010dinky Cenforce.<\/p>\n<h2>Potraviny, kter\u00fdm je t\u0159eba se vyhnout p\u0159i u\u017e\u00edv\u00e1n\u00ed Cenforce<\/h2>\n<p>P\u0159i pl\u00e1nov\u00e1n\u00ed u\u017e\u00edv\u00e1n\u00ed p\u0159\u00edpravku Cenforce byste se m\u011bli vyvarovat ur\u010dit\u00fdch potravin, zejm\u00e9na t\u011bch s vysok\u00fdm obsahem tuku. Rychl\u00e9 ob\u010derstven\u00ed, tu\u010dn\u00e1 j\u00eddla a t\u011b\u017ek\u00e9 om\u00e1\u010dky mohou naru\u0161ovat vst\u0159eb\u00e1v\u00e1n\u00ed l\u00e9ku. Krom\u011b toho je t\u0159eba se vyhnout grapefruitu a grapefruitov\u00e9 \u0161\u0165\u00e1v\u011b, proto\u017ee mohou zv\u00fd\u0161it hladiny sildenafilu v krevn\u00edm \u0159e\u010di\u0161ti, co\u017e vede k potenci\u00e1ln\u00edm vedlej\u0161\u00edm \u00fa\u010dink\u016fm.<\/p>\n<p>Kofein a \u010dokol\u00e1da, i kdy\u017e p\u0159\u00edmo <a href=\"https:\/\/primalekarna.org\/koupit-cenforce-bez-predpisu\">https:\/\/primalekarna.org\/koupit-cenforce-bez-predpisu<\/a> neovliv\u0148uj\u00ed Cenforce, mohou p\u0159isp\u00edvat ke zv\u00fd\u0161en\u00e9 \u00fazkosti nebo neklidu, co\u017e m\u016f\u017ee zhor\u0161it po\u017eadovan\u00fd uvoln\u011bn\u00fd stav pro sexu\u00e1ln\u00ed aktivitu. Um\u00edrn\u011bn\u00ed p\u0159\u00edjmu t\u011bchto polo\u017eek tedy m\u016f\u017ee pomoci zajistit p\u0159\u00edjemn\u011bj\u0161\u00ed z\u00e1\u017eitek.<\/p>\n<h2>Alkohol a cenforce: Co pot\u0159ebujete v\u011bd\u011bt<\/h2>\n<p>Konzumace alkoholu \u010dasto doprov\u00e1z\u00ed spole\u010densk\u00e9 p\u0159\u00edle\u017eitosti, ale jeho interakce s Cenforce vy\u017eaduje pe\u010dliv\u00e9 zv\u00e1\u017een\u00ed. Alkohol m\u016f\u017ee zhor\u0161it schopnost dos\u00e1hnout erekce, co\u017e je v rozporu s \u00fa\u010delem pou\u017eit\u00ed Cenforce. Nadm\u011brn\u00fd p\u0159\u00edjem alkoholu m\u016f\u017ee nav\u00edc zhor\u0161it potenci\u00e1ln\u00ed vedlej\u0161\u00ed \u00fa\u010dinky, jako jsou z\u00e1vrat\u011b nebo pokles krevn\u00edho tlaku.<\/p>\n<p>I kdy\u017e m\u00edrn\u00e1 konzumace alkoholu nemus\u00ed v\u00fdznamn\u011b ovlivnit \u00fa\u010dinnost Cenforce, je nezbytn\u00e9 m\u00edt na pam\u011bti konzumovan\u00e1 mno\u017estv\u00ed. Vyv\u00e1\u017een\u00ed p\u0159\u00edjmu alkoholu s u\u017e\u00edv\u00e1n\u00edm Cenforce m\u016f\u017ee pomoci udr\u017eet \u00fa\u010dinnost l\u00e9ku a z\u00e1rove\u0148 zajistit va\u0161i bezpe\u010dnost.<\/p>\n<h2>Bezpe\u010dn\u00e1 konzumace alkoholu s Cenforce<\/h2>\n<p>Pro ty, kte\u0159\u00ed si cht\u011bj\u00ed u\u017e\u00edt alkohol p\u0159i pou\u017e\u00edv\u00e1n\u00ed Cenforce, je um\u00edrn\u011bnost kl\u00ed\u010dov\u00e1. Bezpe\u010dn\u00fdm p\u0159\u00edstupem je omezit p\u0159\u00edjem alkoholu na jeden nebo dva standardn\u00ed n\u00e1poje. Je nepravd\u011bpodobn\u00e9, \u017ee by tato \u00farove\u0148 spot\u0159eby interferovala s \u00fa\u010dinnost\u00ed l\u00e9ku nebo zp\u016fsobovala ne\u017e\u00e1douc\u00ed reakce.<\/p>\n<p>Z\u016fstat hydratovan\u00fd a st\u0159\u00edd\u00e1n\u00ed alkoholick\u00fdch n\u00e1poj\u016f s vodou m\u016f\u017ee tak\u00e9 pomoci zm\u00edrnit p\u0159\u00edpadn\u00e9 negativn\u00ed \u00fa\u010dinky. \u0158\u00edzen\u00edm spot\u0159eby alkoholu si m\u016f\u017eete u\u017e\u00edvat spole\u010densk\u00fdch setk\u00e1n\u00ed, ani\u017e byste ohrozili v\u00fdhody Cenforce.<\/p>\n<h2>Na\u010dasov\u00e1n\u00ed j\u00eddla a alkoholu s Cenforce<\/h2>\n<p>Koordinace j\u00eddla a pit\u00ed alkoholu s Cenforce je z\u00e1sadn\u00ed pro maximalizaci jeho v\u00fdhod. Ide\u00e1ln\u011b si napl\u00e1nujte j\u00eddlo alespo\u0148 dv\u011b hodiny p\u0159ed u\u017eit\u00edm l\u00e9k\u016f, abyste m\u011bli dostatek \u010dasu na tr\u00e1ven\u00ed. Tato mezera pom\u00e1h\u00e1 zabr\u00e1nit jak\u00e9mukoli zpo\u017ed\u011bn\u00ed v \u00fa\u010dinku l\u00e9ku.<\/p>\n<p>Pokud pl\u00e1nujete p\u00edt alkohol, zva\u017ete, zda tak neu\u010din\u00edte a\u017e pot\u00e9, co l\u00e9ky za\u010dnou \u00fa\u010dinkovat. Toto na\u010dasov\u00e1n\u00ed zaji\u0161\u0165uje, \u017ee alkohol nebude naru\u0161ovat vst\u0159eb\u00e1v\u00e1n\u00ed nebo \u00fa\u010dinnost Cenforce, co\u017e v\u00e1m umo\u017en\u00ed vychutnat si j\u00eddlo i \u00fa\u010dinky l\u00e9ku.<\/p>\n<h2>\u0158\u00edzen\u00ed vedlej\u0161\u00edch \u00fa\u010dink\u016f Cenforce<\/h2>\n<p>Zat\u00edmco p\u0159\u00edpravek Cenforce je obecn\u011b dob\u0159e sn\u00e1\u0161en, u n\u011bkter\u00fdch jedinc\u016f se mohou vyskytnout vedlej\u0161\u00ed \u00fa\u010dinky. Mezi b\u011b\u017en\u00e9 probl\u00e9my pat\u0159\u00ed bolesti hlavy, n\u00e1valy horka nebo ucpan\u00fd nos. Tyto \u00fa\u010dinky jsou obvykle m\u00edrn\u00e9 a zmiz\u00ed, kdy\u017e se t\u011blo p\u0159izp\u016fsob\u00ed medikaci.<\/p>\n<p>Ve vz\u00e1cn\u00fdch p\u0159\u00edpadech se mohou objevit z\u00e1va\u017en\u011bj\u0161\u00ed ne\u017e\u00e1douc\u00ed \u00fa\u010dinky, jako jsou zm\u011bny vid\u011bn\u00ed nebo prodlou\u017een\u00e1 erekce. Pokud se objev\u00ed n\u011bjak\u00e9 neobvykl\u00e9 p\u0159\u00edznaky, je nezbytn\u00e9 okam\u017eit\u011b vyhledat l\u00e9ka\u0159skou pomoc. B\u00fdt informov\u00e1n o potenci\u00e1ln\u00edch vedlej\u0161\u00edch \u00fa\u010dinc\u00edch m\u016f\u017ee u\u017eivatel\u016fm Cenforce pomoci efektivn\u011b spravovat jejich zku\u0161enosti.<\/p>\n<h2>Tipy na \u00fasp\u011b\u0161n\u00fd v\u00edkend s Cenforce<\/h2>\n<p>Pro bezprobl\u00e9mov\u00fd z\u00e1\u017eitek s Cenforce b\u011bhem v\u00edkendu je pl\u00e1nov\u00e1n\u00ed z\u00e1sadn\u00ed. Za\u010dn\u011bte t\u00edm, \u017ee se ujist\u00edte, \u017ee m\u00e1te spr\u00e1vn\u00e9 d\u00e1vkov\u00e1n\u00ed a prodiskutujte jak\u00e9koli zdravotn\u00ed probl\u00e9my s poskytovatelem zdravotn\u00ed p\u00e9\u010de. Uv\u011bdom\u011bn\u00ed si na\u010dasov\u00e1n\u00ed u\u017e\u00edv\u00e1n\u00ed p\u0159\u00edpravku Cenforce ve vztahu k j\u00eddlu a alkoholu tak\u00e9 zlep\u0161\u00ed v\u00e1\u0161 z\u00e1\u017eitek.<\/p>\n<p>M\u011bjte na pam\u011bti d\u016fle\u017eitost prost\u0159ed\u00ed bez stresu. Relaxace a pohodl\u00ed mohou v\u00fdznamn\u011b ovlivnit \u00fa\u010dinnost Cenforce, co\u017e usnad\u0148uje dosa\u017een\u00ed po\u017eadovan\u00fdch v\u00fdsledk\u016f. D\u00edky p\u0159\u00edprav\u011b p\u0159edem se m\u016f\u017eete t\u011b\u0161it na \u00fasp\u011b\u0161n\u00fd v\u00edkend s minim\u00e1ln\u00edmi obavami.<\/p>\n<h2>B\u011b\u017en\u00e9 myln\u00e9 p\u0159edstavy o cenforce a alkoholu<\/h2>\n<p>Existuje n\u011bkolik myln\u00fdch p\u0159edstav o pou\u017e\u00edv\u00e1n\u00ed Cenforce a alkoholu. Jedn\u00edm z b\u011b\u017en\u00fdch n\u00e1zor\u016f je, \u017ee alkohol m\u016f\u017ee zv\u00fd\u0161it \u00fa\u010dinky Cenforce. Ve skute\u010dnosti m\u016f\u017ee alkohol sn\u00ed\u017eit \u00fa\u010dinnost l\u00e9ku a zv\u00fd\u0161it pravd\u011bpodobnost ne\u017e\u00e1douc\u00edch \u00fa\u010dink\u016f.<\/p>\n<p>Dal\u0161\u00ed mylnou p\u0159edstavou je, \u017ee Cenforce dok\u00e1\u017ee kompenzovat n\u00e1sledky nadm\u011brn\u00e9 konzumace alkoholu. I kdy\u017e pom\u00e1h\u00e1 s erektiln\u00ed funkc\u00ed, nem\u016f\u017ee p\u016fsobit proti tlumiv\u00fdm \u00fa\u010dink\u016fm alkoholu na nervov\u00fd syst\u00e9m. Pochopen\u00ed t\u011bchto myln\u00fdch p\u0159edstav m\u016f\u017ee p\u0159edej\u00edt zklam\u00e1n\u00ed a zajistit si lep\u0161\u00ed z\u00e1\u017eitek.<\/p>\n<h2>Rady zdravotnick\u00fdch odborn\u00edk\u016f ohledn\u011b pou\u017eit\u00ed cenforce<\/h2>\n<p>Zdravotn\u00edci zd\u016fraz\u0148uj\u00ed d\u016fle\u017eitost dodr\u017eov\u00e1n\u00ed p\u0159edepsan\u00fdch d\u00e1vek a pokyn\u016f pro pou\u017eit\u00ed p\u0159i u\u017e\u00edv\u00e1n\u00ed p\u0159\u00edpravku Cenforce. Konzultace s l\u00e9ka\u0159em je z\u00e1sadn\u00ed, zejm\u00e9na u jedinc\u016f s ji\u017e existuj\u00edc\u00edmi onemocn\u011bn\u00edmi nebo u t\u011bch, kte\u0159\u00ed u\u017e\u00edvaj\u00ed jin\u00e9 l\u00e9ky.<\/p>\n<p>Profesion\u00e1lov\u00e9 tak\u00e9 nedoporu\u010duj\u00ed pou\u017e\u00edvat Cenforce rekrea\u010dn\u011b nebo bez skute\u010dn\u00e9 pot\u0159eby. Nespr\u00e1vn\u00e9 u\u017e\u00edv\u00e1n\u00ed m\u016f\u017ee v\u00e9st k z\u00e1vislosti nebo nep\u0159\u00edzniv\u00fdm zdravotn\u00edm \u00fa\u010dink\u016fm. Dodr\u017eov\u00e1n\u00edm odborn\u00fdch rad mohou u\u017eivatel\u00e9 bezpe\u010dn\u011b a efektivn\u011b za\u010dlenit Cenforce do sv\u00fdch v\u00edkendov\u00fdch pl\u00e1n\u016f.<\/p>\n<h2>Cenforce a jej\u00ed interakce s jin\u00fdmi l\u00e1tkami<\/h2>\n<p>Cenforce m\u016f\u017ee interagovat s r\u016fzn\u00fdmi l\u00e1tkami, co\u017e m\u016f\u017ee zm\u011bnit jeho \u00fa\u010dinnost nebo zv\u00fd\u0161it riziko ne\u017e\u00e1douc\u00edch \u00fa\u010dink\u016f. Dusi\u010dnany, \u010dasto p\u0159edepisovan\u00e9 proti bolesti na hrudi, mohou zp\u016fsobit nebezpe\u010dn\u00fd pokles krevn\u00edho tlaku v kombinaci s Cenforce. Podobn\u011b n\u011bkter\u00e9 l\u00e9ky pou\u017e\u00edvan\u00e9 k l\u00e9\u010db\u011b vysok\u00e9ho krevn\u00edho tlaku nebo HIV mohou vy\u017eadovat \u00fapravu d\u00e1vkov\u00e1n\u00ed, aby se p\u0159ede\u0161lo interakc\u00edm.<\/p>\n<p>Je d\u016fle\u017eit\u00e9 sd\u011blit poskytovateli zdravotn\u00ed p\u00e9\u010de v\u0161echny l\u00e9ky a dopl\u0148ky, aby se p\u0159ede\u0161lo potenci\u00e1ln\u00edm interakc\u00edm. B\u00fdt informov\u00e1n o t\u011bchto interakc\u00edch zaji\u0161\u0165uje bezpe\u010dn\u00e9 a efektivn\u00ed pou\u017e\u00edv\u00e1n\u00ed Cenforce.<\/p>\n<h2>Pl\u00e1nov\u00e1n\u00ed vyv\u00e1\u017een\u00e9ho v\u00edkendu s Cenforce<\/h2>\n<p>Vytvo\u0159en\u00ed vyv\u00e1\u017een\u00e9ho v\u00edkendu s Cenforce vy\u017eaduje pe\u010dliv\u00e9 pl\u00e1nov\u00e1n\u00ed a zv\u00e1\u017een\u00ed r\u016fzn\u00fdch faktor\u016f. Zaji\u0161t\u011bn\u00ed toho, \u017ee j\u00eddla jsou lehk\u00e1 a ne p\u0159\u00edli\u0161 bl\u00edzko dob\u011b u\u017e\u00edv\u00e1n\u00ed l\u00e9ku, m\u016f\u017ee maximalizovat jeho \u00fa\u010dinnost. Krom\u011b toho jsou kl\u00ed\u010dov\u00fdmi slo\u017ekami vyv\u00e1\u017een\u00e9ho p\u0159\u00edstupu um\u00edrn\u011bn\u00fd p\u0159\u00edjem alkoholu a udr\u017een\u00ed hydratace.<\/p>\n<p>Za\u010dlen\u011bn\u00ed \u010dasu na relaxaci a zvl\u00e1d\u00e1n\u00ed stresu m\u016f\u017ee z\u00e1\u017eitek je\u0161t\u011b umocnit. Zv\u00e1\u017een\u00edm t\u011bchto aspekt\u016f si jednotlivci mohou u\u017e\u00edt napl\u0148uj\u00edc\u00ed v\u00edkend, ani\u017e by to ohrozilo jejich zdrav\u00ed nebo v\u00fdhody Cenforce.<\/p>\n<h2>\u010cast\u00e9 ot\u00e1zky o Cenforce, j\u00eddlech a alkoholu<\/h2>\n<p>Mnoho lid\u00ed m\u00e1 ot\u00e1zky, jak nejl\u00e9pe pou\u017e\u00edvat Cenforce ve spojen\u00ed s j\u00eddlem a alkoholem. Jedn\u00edm z b\u011b\u017en\u00fdch dotaz\u016f je, zda je bezpe\u010dn\u00e9 u\u017e\u00edvat p\u0159\u00edpravek Cenforce s j\u00eddlem. I kdy\u017e je to bezpe\u010dn\u00e9, pro rychlej\u0161\u00ed v\u00fdsledky se doporu\u010duje u\u017e\u00edvat ho na la\u010dn\u00fd \u017ealudek nebo s lehk\u00fdmi j\u00eddly.<\/p>\n<p>Dal\u0161\u00ed \u010dastou ot\u00e1zkou je bezpe\u010dnost konzumace alkoholu. M\u00edrn\u00e9 pit\u00ed je obecn\u011b bezpe\u010dn\u00e9, ale nadm\u011brn\u00fd alkohol m\u016f\u017ee sn\u00ed\u017eit \u00fa\u010dinnost Cenforce. Pochopen\u00ed t\u011bchto \u010dast\u00fdch dotaz\u016f m\u016f\u017ee u\u017eivatel\u016fm pomoci \u010dinit informovan\u00e1 rozhodnut\u00ed a zlep\u0161it jejich zku\u0161enosti s l\u00e9ky.<\/p>\n","protected":false},"excerpt":{"rendered":"<p>Pl\u00e1nov\u00e1n\u00ed v\u00edkendu s Cenforce: na\u010dasov\u00e1n\u00ed, j\u00eddlo a alkohol Proch\u00e1zen\u00ed slo\u017eitost\u00ed efektivn\u00edho pou\u017e\u00edv\u00e1n\u00ed Cenforce p\u0159es v\u00edkend vy\u017eaduje pochopen\u00ed jeho na\u010dasov\u00e1n\u00ed, dietn\u00edch \u00favah a interakc\u00ed s alkoholem. Pochopen\u00ed Cenforce a jeho pou\u017eit\u00ed Cenforce je l\u00e9k prim\u00e1rn\u011b pou\u017e\u00edvan\u00fd k l\u00e9\u010db\u011b erektiln\u00ed dysfunkce (ED) u mu\u017e\u016f. Obsahuje sildenafil citr\u00e1t, kter\u00fd je tak\u00e9 \u00fa\u010dinnou l\u00e1tkou Viagry. L\u00e9k funguje tak, \u017ee [&hellip;]<\/p>\n","protected":false},"author":1,"featured_media":0,"parent":0,"menu_order":0,"comment_status":"closed","ping_status":"closed","template":"","meta":[],"_links":{"self":[{"href":"http:\/\/www.scope25.com\/index.php?rest_route=\/wp\/v2\/pages\/71170"}],"collection":[{"href":"http:\/\/www.scope25.com\/index.php?rest_route=\/wp\/v2\/pages"}],"about":[{"href":"http:\/\/www.scope25.com\/index.php?rest_route=\/wp\/v2\/types\/page"}],"author":[{"embeddable":true,"href":"http:\/\/www.scope25.com\/index.php?rest_route=\/wp\/v2\/users\/1"}],"replies":[{"embeddable":true,"href":"http:\/\/www.scope25.com\/index.php?rest_route=%2Fwp%2Fv2%2Fcomments&post=71170"}],"version-history":[{"count":1,"href":"http:\/\/www.scope25.com\/index.php?rest_route=\/wp\/v2\/pages\/71170\/revisions"}],"predecessor-version":[{"id":71172,"href":"http:\/\/www.scope25.com\/index.php?rest_route=\/wp\/v2\/pages\/71170\/revisions\/71172"}],"wp:attachment":[{"href":"http:\/\/www.scope25.com\/index.php?rest_route=%2Fwp%2Fv2%2Fmedia&parent=71170"}],"curies":[{"name":"wp","href":"https:\/\/api.w.org\/{rel}","templated":true}]}}